6 a multiple of 4?
True
Is 18328 a multiple of 116?
True
Does 3 divide 141?
True
Does 3 divide 27731?
False
Is 7160 a multiple of 109?
False
Is 90 a factor of 40782?
False
Is 359 a multiple of 22?
False
Is 67 a factor of 4891?
True
Is 200 a multiple of 100?
True
Does 50 divide 1300?
True
Is 49188 a multiple of 6?
True
Is 84 a multiple of 23?
False
Is 48164 a multiple of 299?
False
Does 8 divide 17713?
False
Does 4 divide 334?
False
Is 38383 a multiple of 32?
False
Does 35 divide 661?
False
Is 6 a factor of 566?
False
Does 79 divide 1433?
False
Is 1031 a multiple of 10?
False
Is 35 a factor of 452?
False
Is 6 a factor of 126?
True
Is 6425 a multiple of 19?
False
Is 25 a factor of 531?
False
Is 20 a factor of 7100?
True
Does 14 divide 2564?
False
Is 23 a factor of 2691?
True
Is 96949 a multiple of 67?
True
Does 99 divide 18117?
True
Does 33 divide 287?
False
Is 28 a factor of 238?
False
Is 77 a factor of 4928?
True
Is 748 a multiple of 43?
False
Does 28 divide 777?
False
Does 2 divide 32?
True
Does 146 divide 8943?
False
Is 855 a multiple of 18?
False
Is 2952 a multiple of 5?
False
Does 19 divide 14843?
False
Does 15 divide 24288?
False
Is 28 a factor of 516?
False
Is 34 a factor of 1326?
True
Does 25 divide 1075?
True
Is 5402 a multiple of 74?
True
Is 71 a factor of 1237?
False
Is 506 a multiple of 22?
True
Is 18373 a multiple of 34?
False
Is 8 a factor of 208?
True
Does 42 divide 2000?
False
Does 14 divide 3863?
False
Is 840 a multiple of 28?
True
Does 7 divide 415?
False
Is 26 a multiple of 2?
True
Is 90 a factor of 21420?
True
Is 14 a factor of 745?
False
Does 5 divide 650?
True
Does 10 divide 2379?
False
Is 4682 a multiple of 27?
False
Does 124 divide 9052?
True
Does 23 divide 7636?
True
Does 15 divide 517?
False
Is 145 a factor of 4470?
False
Is 22 a factor of 4180?
True
Does 49 divide 7713?
False
Is 16362 a multiple of 101?
True
Is 37 a factor of 565?
False
Does 2 divide 1579?
False
Is 6042 a multiple of 106?
True
Is 90 a multiple of 9?
True
Does 44 divide 2505?
False
Does 3 divide 483?
True
Is 98 a factor of 41748?
True
Is 205940 a multiple of 140?
True
Is 14840 a multiple of 7?
True
Is 640 a multiple of 23?
False
Does 133 divide 12103?
True
Is 10 a factor of 12187?
False
Is 1203 a multiple of 20?
False
Is 14 a factor of 1041?
False
Does 4 divide 1700?
True
Does 139 divide 3892?
True
Is 630 a multiple of 105?
True
Does 62 divide 7316?
True
Is 8 a factor of 363?
False
Does 30 divide 23921?
False
Does 40 divide 24240?
True
Does 42 divide 4536?
True
Is 49 a factor of 45913?
True
Is 17 a factor of 19448?
True
Is 108 a multiple of 18?
True
Does 15 divide 1065?
True
Does 6 divide 5622?
True
Is 64 a factor of 6976?
True
Is 100 a multiple of 10?
True
Is 2725 even?
False
Is 18 a factor of 22784?
False
Is 27621 a multiple of 8?
False
Is 22 a factor of 116?
False
Is 18 a factor of 2740?
False
Does 98 divide 26852?
True
Is 9 a factor of 31004?
False
Does 11 divide 343?
False
Does 73 divide 33830?
False
Is 33257 a multiple of 11?
False
Does 69 divide 276?
True
Is 14 a factor of 182?
True
Is 23112 a multiple of 107?
True
Is 199 a factor of 7374?
False
Is 4688 a multiple of 14?
False
Is 19350 a multiple of 43?
True
Is 60 a factor of 24484?
False
Does 19 divide 29887?
True
Is 11 a factor of 231?
True
Is 69 a factor of 8625?
True
Is 2 a factor of 1927?
False
Does 303 divide 51813?
True
Does 42 divide 442?
False
Is 13 a factor of 248?
False
Is 8 a factor of 4440?
True
Does 33 divide 1254?
True
Is 2457 a multiple of 39?
True
Is 272 a multiple of 6?
False
Is 655 a multiple of 23?
False
Is 41 a factor of 1467?
False
Is 17 a factor of 236?
False
Is 2144 a multiple of 67?
True
Does 19 divide 1064?
True
Is 405 a multiple of 27?
True
Does 14 divide 3192?
True
Is 1284 a multiple of 12?
True
Does 9 divide 76?
False
Is 214 a multiple of 16?
False
Does 8 divide 2693?
False
Is 273 a multiple of 6?
False
Is 5277 a multiple of 72?
False
Does 4 divide 58?
False
Is 13 a factor of 1191?
False
Is 16 a factor of 61630?
False
Is 24940 a multiple of 10?
True
Does 30 divide 4890?
True
Is 4037 a multiple of 145?
False
Does 115 divide 20774?
False
Is 693 a multiple of 20?
False
Is 33 a factor of 13545?
False
Does 9 divide 421?
False
Is 1298 a multiple of 22?
True
Is 26 a factor of 6006?
True
Is 33 a factor of 5169?
False
Is 2936 a multiple of 13?
False
Is 7648 a multiple of 4?
True
Does 14 divide 3738?
True
Does 142 divide 1136?
True
Does 14 divide 57?
False
Does 11 divide 8175?
False
Is 2447 a multiple of 3?
False
Is 7 a factor of 3379?
False
Is 26810 a multiple of 63?
False
Is 1094 a multiple of 13?
False
Is 67 a factor of 14070?
True
Is 13 a factor of 2604?
False
Is 16 a factor of 2256?
True
Is 738 even?
True
Does 8 divide 71888?
True
Is 41 a factor of 153?
False
Is 37 a factor of 8720?
False
Does 6 divide 32?
False
Is 53 a factor of 53?
True
Is 707 a multiple of 8?
False
Is 48 a factor of 12181?
False
Is 1344 a multiple of 58?
False
Does 18 divide 355?
False
Is 21 a factor of 12665?
False
Is 622 a multiple of 13?
False
Does 35 divide 700?
True
Does 57 divide 2103?
False
Does 4 divide 12?
True
Is 13880 a multiple of 40?
True
Is 74 a factor of 3192?
False
Is 80 a factor of 107542?
False
Does 31 divide 47027?
True
Is 17 a factor of 314?
False
Does 46 divide 11316?
True
Is 48 a factor of 3740?
False
Is 746 a multiple of 39?
False
Is 18 a factor of 949?
False
Does 6 divide 403?
False
Is 157 a factor of 10205?
True
Is 120 a multiple of 7?
False
Is 2408 a multiple of 56?
True
Is 6 a factor of 197?
False
Is 14 a factor of 541?
False
Is 8567 a multiple of 20?
False
Is 9696 a multiple of 118?
False
Is 19 a factor of 5444?
False
Is 60 a factor of 2146?
False
Does 4 divide 3816?
True
Does 17 divide 1258?
True
Is 1665 a multiple of 27?
False
Is 427 a multiple of 4?
False
Is 10303 a multiple of 72?
False
Is 28 a factor of 4590?
False
Does 13 divide 4489?
False
Is 14 a factor of 1163?
False
Is 56 a factor of 4200?
True
Is 57 a factor of 118?
False
Does 54 divide 1429?
False
Is 40295 a multiple of 5?
True
Is 27 a factor of 2025?
True
Is 16393 a multiple of 169?
True
Does 13 divide 4134?
True
Is 53 a multiple of 2?
False
Does 28 divide 13216?
True
Is 39858 a multiple of 42?
True
Is 11 a factor of 4301?
True
Is 10 a factor of 1189?
False
Does 16 divide 48?
True
Does 5 divide 503?
False
Is 37 a factor of 9361?
True
Is 126 a multiple of 9?
True
Does 10 divide 1717?
False
Is 3 a factor of 119?
False
Does 47 divide 18404?
False
Does 8 divide 4472?
True
Is 6431 a multiple of 45?
False
Is 592 a multiple of 23?
False
Is 6517 a multiple of 151?
False
Is 1711 a multiple of 15?
False
Is 50 a factor of 7555?
False
Is 3029 a multiple of 27?
False
Is 1107 a multiple of 3?
True
Is 594 a multiple of 18?
True
Is 8 a factor of 9888?
True
Does 50 divide 1650?
True
Does 16 divide 423?
False
Is 26 a factor of 156?
True
Is 19320 a multiple of 120?
True
Is 11 a factor of 2368?
False
Does 3 divide 1146?
True
Is 310 a multiple of 22?
False
Is 10 a factor of 5440?
True
Is 8928 a multiple of 18?
True
Does 19 divide 1919?
True
Is 840 a multiple of 105?
True
Is 41 a factor of 410?
True
Does 19 divide 418?
True
Does 111 divide 3872?
False
Is 128 a factor of 15744?
True
Is 6961 a multiple of 20?
False
Is 50639 a multiple of 62?
False
Does 323 divide 101162?
False
Is 38784 a multiple of 85?
False
Is 324 a multiple of 12?
True
Is 79 a factor of 11521?
False
Does 52 divide 5661?
False
Does 34 divide 646?
True
Does 24 divide 648?
True
Does 22 divide 2073?
False
Does 10 divide 150?
True
Does 8 divide 536?
True
Is 20 a factor of 440?
True
Does 17 divide 170?
True
Is 21 a factor of 12128?
False
Does 6 divide 46?
False
Is 15 a factor of 1290?
True
Is 10 a factor of 440?
True
Is 22 a factor of 482?
False
Is 8 a factor of 1596?
False
Is 49 a factor of 931?
True
Is 17 a factor of 153?
True
Is 38 a factor of 4484?
True
Does 28 divide 252?
True
Is 4 a factor of 64?
True
Is 40 a factor of 903?
False
Is 9101 a multiple of 11?
False
Is 15 a factor of 15?
True
Is 54 a factor of 162?
True
Is 370 a multiple of 131?
False
Is 205 a factor of 19475?
True
Is 14 a factor of 14742?
True
Is 49092 a multiple of 165?
False
Is 3 a factor of 173?
False
Is 613 a multiple of 3?
False
Does 28 divide 3136?
True
Is 33 a factor of 24463?
False
Is 36945